the tens digit of 714636?
3
What is the millions digit of 9445410?
9
What is the tens digit of 752671?
7
What is the millions digit of 7701341?
7
What is the hundreds digit of 5612436?
4
What is the ten thousands digit of 11186324?
8
What is the units digit of 3172884?
4
What is the hundreds digit of 63985?
9
What is the ten thousands digit of 4199307?
9
What is the thousands digit of 405811?
5
What is the units digit of 1603702?
2
What is the units digit of 4374525?
5
What is the hundreds digit of 244071?
0
What is the thousands digit of 8417120?
7
What is the millions digit of 3098451?
3
What is the ten millions digit of 13035458?
1
What is the hundreds digit of 189599?
5
What is the ten thousands digit of 1126353?
2
What is the thousands digit of 16586978?
6
What is the units digit of 37920?
0
What is the tens digit of 1662912?
1
What is the units digit of 56389?
9
What is the units digit of 7996327?
7
What is the hundred thousands digit of 425926?
4
What is the ten thousands digit of 24693746?
9
What is the ten thousands digit of 7140557?
4
What is the ten thousands digit of 73870?
7
What is the thousands digit of 2976?
2
What is the hundreds digit of 61999?
9
What is the tens digit of 3469294?
9
What is the ten thousands digit of 9809231?
0
What is the hundreds digit of 32629?
6
What is the hundred thousands digit of 12579840?
5
What is the ten millions digit of 24889644?
2
What is the hundred thousands digit of 1954856?
9
What is the hundred thousands digit of 202357?
2
What is the hundreds digit of 8113538?
5
What is the ten thousands digit of 651058?
5
What is the units digit of 621462?
2
What is the ten thousands digit of 32626599?
2
What is the tens digit of 2165760?
6
What is the hundreds digit of 1241452?
4
What is the ten thousands digit of 146439?
4
What is the tens digit of 16674?
7
What is the thousands digit of 97837?
7
What is the ten thousands digit of 1208587?
0
What is the millions digit of 1848064?
1
What is the thousands digit of 47947?
7
What is the hundred thousands digit of 3286907?
2
What is the millions digit of 7789104?
7
What is the tens digit of 868493?
9
What is the millions digit of 10192928?
0
What is the tens digit of 390823?
2
What is the hundreds digit of 285834?
8
What is the tens digit of 15766039?
3
What is the units digit of 7812427?
7
What is the ten thousands digit of 472340?
7
What is the units digit of 232548?
8
What is the thousands digit of 5472286?
2
What is the thousands digit of 555265?
5
What is the hundreds digit of 2390664?
6
What is the ten thousands digit of 266362?
6
What is the ten millions digit of 18348694?
1
What is the units digit of 12638659?
9
What is the units digit of 5675843?
3
What is the ten thousands digit of 14437984?
3
What is the units digit of 102412?
2
What is the tens digit of 403288?
8
What is the tens digit of 88377?
7
What is the thousands digit of 589410?
9
What is the hundreds digit of 8968489?
4
What is the units digit of 10072726?
6
What is the units digit of 708992?
2
What is the thousands digit of 108376?
8
What is the tens digit of 135439?
3
What is the hundred thousands digit of 516332?
5
What is the tens digit of 37501150?
5
What is the tens digit of 402244?
4
What is the hundreds digit of 8521886?
8
What is the hundreds digit of 130818?
8
What is the hundreds digit of 679207?
2
What is the hundreds digit of 270750?
7
What is the units digit of 1959746?
6
What is the units digit of 554257?
7
What is the hundreds digit of 1185329?
3
What is the ten thousands digit of 2614739?
1
What is the ten thousands digit of 1261543?
6
What is the hundreds digit of 472832?
8
What is the ten millions digit of 19974137?
1
What is the tens digit of 137947?
4
What is the units digit of 108185?
5
What is the millions digit of 2855563?
2
What is the hundred thousands digit of 8954856?
9
What is the tens digit of 745903?
0
What is the hundreds digit of 201944?
9
What is the thousands digit of 3536857?
6
What is the units digit of 403308?
8
What is the millions digit of 15631745?
5
What is the units digit of 74795?
5
What is the ten thousands digit of 391215?
9
What is the units digit of 60156?
6
What is the thousands digit of 28661461?
1
What is the hundred thousands digit of 17774659?
7
What is the ten millions digit of 33704527?
3
What is the thousands digit of 3756739?
6
What is the tens digit of 231711?
1
What is the hundreds digit of 423747?
7
What is the hundreds digit of 275892?
8
What is the thousands digit of 3458242?
8
What is the hundreds digit of 7055121?
1
What is the tens digit of 925516?
1
What is the hundreds digit of 6135654?
6
What is the thousands digit of 413591?
3
What is the hundreds digit of 578105?
1
What is the hundreds digit of 17778468?
4
What is the units digit of 384718?
8
What is the tens digit of 636723?
2
What is the units digit of 52256?
6
What is the hundreds digit of 26913317?
3
What is the tens digit of 8596213?
1
What is the tens digit of 855518?
1
What is the tens digit of 2136005?
0
What is the hundred thousands digit of 1107280?
1
What is the units digit of 5751970?
0
What is the hundred thousands digit of 7574049?
5
What is the thousands digit of 1709975?
9
What is the thousands digit of 196567?
6
What is the tens digit of 4472500?
0
What is the hundreds digit of 10280689?
6
What is the ten millions digit of 22373805?
2
What is the thousands digit of 575566?
5
What is the hundreds digit of 11320920?
9
What is the thousands digit of 5972281?
2
What is the hundred thousands digit of 154721?
1
What is the ten thousands digit of 274584?
7
What is the units digit of 208564?
4
What is the units digit of 3020556?
6
What is the thousands digit of 7797?
7
What is the thousands digit of 2596014?
6
What is the tens digit of 114395?
9
What is the tens digit of 5181067?
6
What is the thousands digit of 247419?
7
What is the thousands digit of 512143?
2
What is the tens digit of 1180371?
7
What is the units digit of 15760538?
8
What is the ten thousands digit of 4231295?
3
What is the tens digit of 375811?
1
What is the units digit of 33474529?
9
What is the hundred thousands digit of 145268?
1
What is the hundreds digit of 356137?
1
What is the tens digit of 1655729?
2
What is the tens digit of 11667326?
2
What is the hundred thousands digit of 212588?
2
What is the tens digit of 2148304?
0
What is the ten thousands digit of 1231269?
3
What is the thousands digit of 1405637?
5
What is the thousands digit of 29258536?
8
What is the ten thousands digit of 178544?
7
What is the ten thousands digit of 404329?
0
What is the units digit of 3417242?
2
What is the hundreds digit of 7001035?
0
What is the units digit of 1378834?
4
What is the ten thousands digit of 498083?
9
What is the units digit of 580248?
8
What is the ten thousands digit of 7136497?
3
What is the hundred thousands digit of 644243?
6
What is the hundred thousands digit of 1306428?
3
What is the hundreds digit of 14542608?
6
What is the hundred thousands digit of 3826489?
8
What is the hundred thousands digit of 6967232?
9
What is the hundred thousands digit of 1996498?
9
What is the tens digit of 618321?
2
What is the units digit of 1731457?
7
What is the tens digit of 2591661?
6
What is the ten thousands digit of 8053962?
5
What is the thousands digit of 1827747?
7
What is the units digit of 500998?
8
What is the units digit of 14202361?
1
What is the tens digit of 10453437?
3
What is the millions digit of 2716817?
2
What is the thousands digit of 2130008?
0
What is the hundreds digit of 3671247?
2
What is the tens digit of 290040?
4
What is the units digit of 911755?
5
What is the ten thousands digit of 17842?
1
What is the thousands digit of 6054193?
4
What is the ten thousands digit of 4165381?
6
What is the units digit of 5342574?
4
What is the hundreds digit of 11887407?
4
What is the thousands digit of 756798?
6
What is the ten thousands digit of 6310957?
1
What is the ten millions digit of 13297028?
1
What is the hundred thousands digit of 554470?
5
What is the thousands digit of 1149636?
9
What is the thousands digit of 1879553?
9
What is the thousands digit of 57750?
7
What is the millions digit of 2197333?
2
What is the ten thousands digit of 8236970?
3
What is the hundred 